 118 = 0, -z*d + 85 = a. Is a a prime number?
False
Let o(k) be the third derivative of 11*k**5/10 - 5*k**4/12 - 5*k**3/6 - 38*k**2. Is o(-7) composite?
False
Suppose 0 = -v + 4*k + 879, -12*v + 10*v = 3*k - 1714. Is v composite?
False
Is (2798/(-6))/(185/(-45) + 4) prime?
False
Suppose -8 = v - 4. Let z(r) = -r**3 - 3*r**2 + r - 4. Let j be z(v). Is (-6 - -4)/(j/(-36)) composite?
True
Let f(q) be the first derivative of -6*q**3 - 18*q**2 - 49*q + 5. Let i(s) = 6*s**2 + 12*s + 16. Let k(n) = -3*f(n) - 8*i(n). Is k(-13) prime?
True
Suppose -5*h - 1318 - 317 = 0. Let k(s) = -s**3 + s**2 - 5*s + 42. Let q be k(-8). Let r = h + q. Is r a prime number?
True
Let p = 5601 - -2686. Is p a composite number?
False
Suppose 3*m = 3*v - 1524, 2*v + 2*m = -3*m + 1030. Suppose 2*f - 4*f + v = b, -f - 5*b + 264 = 0. Is f composite?
True
Suppose 0 = -3*o + 5*g - 13, 0 = -2*g - 3 + 13. Suppose o*w = 8*w - 812. Is w composite?
True
Suppose -3*c - 11902 = -u, 4*c - 6410 = -u + 5457. Is u composite?
False
Suppose 2*n - 7320 = -4*t, 1616 = t - 5*n - 225. Is t composite?
False
Let g = 197 - -486. Is g a composite number?
False
Suppose -21253 = -f + z - 1404, 0 = 4*f - 5*z - 79398. Is f a prime number?
False
Suppose -2*v - 4*t - t + 7648 = 0, 2*v - 3*t - 7664 = 0. Is v a prime number?
False
Is -38*2/4*-107 a composite number?
True
Let t be 0*(16/(-12))/(-4). Let d be 2/(2 + -1 + t). Suppose 3*i - 485 = -d. Is i prime?
False
Let m be 3/6 - 26/(-4). Let x(f) = f**3 - 2*f**2 - 7*f + 15. Is x(m) composite?
False
Let y(o) = o**2 - 9*o + 3. Let u be y(9). Suppose 3*f + d = 1315 + 347, -5*f + 2756 = -u*d. Is f prime?
False
Suppose 4*x + 4 = 0, -5*o - 7*x + 9*x + 30987 = 0. Is o a prime number?
True
Let t(m) = 1160*m**2 + 24*m - 1. Is t(-2) composite?
False
Let w(r) = -83*r + 2. Let h = 7 - 7. Suppose 4*b = -4*i, h*i + 3*i = -b - 6. Is w(i) a prime number?
True
Suppose 10 = -0*r + 5*r. Suppose 0 = 3*g - 15, 0 = -f + 4*f - r*g - 548. Is f/14 - (-6)/(-21) a prime number?
True
Let p be (24328/10)/((-1 + 5)/20). Suppose 2*x = -z - z + p, -z + 6070 = 5*x. Is z a composite number?
True
Suppose -2*x = 10*x - 255372. Is x a prime number?
False
Suppose 0 = -7*k + 98 + 14. Let m(i) be the second derivative of 19*i**3/6 + 3*i**2/2 + 4*i. Is m(k) composite?
False
Suppose -3*t + 19717 + 272 = 0. Is t a composite number?
True
Let d be ((-6)/9)/(1/15). Let c = 13 + d. Is (9 - -6)*2/c a composite number?
True
Suppose -4*s + 44 = m, 2*m - 2*s = -0*m + 78. Is 10/m + (-1051)/(-4) a composite number?
False
Suppose 6*k + 788 - 6218 = 0. Suppose 0 = 6*l - k - 325. Is l a composite number?
True
Let h(i) = 19*i**2 + 189*i - 113. Is h(34) prime?
True
Suppose 25*p - 265000 = 97575. Is p a prime number?
True
Let i = -1364 - -952. Let w be (-1)/1*-1*719. Let a = w + i. Is a a composite number?
False
Suppose 2*k + 0*k - 5*y = -20, 3*k = -y + 4. Let x = -7 - -11. Suppose k = x*m - 42 - 50. Is m a composite number?
False
Let s(x) = -173*x + 179. Is s(-3) prime?
False
Suppose 2*m - 9*m - 3101 = 0. Let d = -252 - m. Is d a prime number?
True
Let m(n) = -n**2 + 16*n + 8. Let c be m(16). Suppose -2*j = -s - 3*s + c, -2*j = 8. Suppose -5*f + 174 = 2*r - 0*r, s = 5*f - 3*r - 164. Is f composite?
True
Let n = -7 - -7. Suppose -5*p + 5*a + 635 = 0, n = a - 2*a. Is p a prime number?
True
Suppose 583 = 9*y + 124. Suppose -5*a + y + 9 = 0. Suppose s + a - 173 = 0. Is s prime?
False
Let j be 584/(-24) - (-2)/(-3). Let w be (-20)/(-6)*(-30)/j. Is (-1)/4 + 1493/w a composite number?
False
Let i(d) = -d**3 + d**2 + 2*d - 3. Let x be i(1). Is -1146*x*(-4)/(-12) composite?
True
Is 18/(-81) - (-4)/(36/161525) a prime number?
False
Let y(g) = 5*g**2 - 5*g - 1. Let c be y(-4). Suppose 2*i = c + 15. Is i prime?
False
Let k = -386 + 577. Is k composite?
False
Let y = 21 - 15. Suppose -8*i + y*i = -20. Is i a composite number?
True
Let r(h) = -h**3 + 42*h**2 + 86*h + 18. Is r(25) composite?
True
Suppose -4*t - 4*m + 2554 = -3090, 5*t = 4*m + 7037. Is t a composite number?
False
Let k(w) = -15*w - 36. Let b = -32 + 23. Let p(j) = -4*j - 9. Let d(f) = b*p(f) + 2*k(f). Is d(13) a composite number?
True
Is (-6 - 777/9)*(-47 + 14) a prime number?
False
Let l = -2553 + 3640. Is l a composite number?
False
Suppose -14*g + 13958 = -0*g. Is g composite?
False
Suppose 0 = -3*o - 12, 6*d + 2903 = 7*d + 5*o. Is d prime?
False
Let m(t) = -t + 7. Let h be m(9). Let d be h - (-3)/((-3)/(-46)). Is d/6 - (-3)/(-9) a composite number?
False
Let i(w) = w**2 + 9*w + 5. Let k be i(-8). Is -7 - k - (5469 + 0)/(-1) a composite number?
True
Suppose 13 = -2*d - 17. Let v(y) = 1 - 17 - 23*y - 7*y - y**2. Is v(d) prime?
False
Let s(v) = -v**2 - 8*v + 1. Let l be s(-7). Suppose -8 = -4*j + l. Suppose -5*x - 816 = -4*f, 72 = 3*f - j*x - 541. Is f composite?
False
Suppose -o - 24 = 3*o. Let i(c) = c**3 + 11*c**2 - c + 5. Is i(o) composite?
False
Let z(c) = 47*c - 8. Suppose -2*t = -5 - 3. Let d be z(t). Let f = 339 - d. Is f composite?
True
Is (4238/4)/(-2 - (-20)/8) a prime number?
False
Let w(x) be the first derivative of x**4/4 - x**3/3 - 9*x**2 + 11*x - 19. Is w(7) composite?
False
Let l(p) = 4*p**3 - p**2 - p + 2. Let y be l(1). Suppose 0*x = 4*x - 8. Suppose -3*h - x*v = -967, y*v - 2*v - 1290 = -4*h. Is h a composite number?
True
Suppose 2*m - 333 = m. Let i = -192 + m. Is i a prime number?
False
Let s = 11 + -28. Let g = s + 36. Is g a prime number?
True
Let q(x) = -4933*x + 220. Is q(-9) composite?
False
Suppose -b + 3*o + 0*o = -1258, o + 4999 = 4*b. Is b a prime number?
True
Let g be -58*28/(-8) - 2. Suppose g = -4*p + 1229. Is p composite?
False
Suppose -5*z - c - 60 = 0, 10*z - 6*z - c = -57. Let y(s) be the second derivative of -23*s**3/6 - 2*s**2 + s. Is y(z) prime?
False
Let a(q) = 3*q + q**3 - 11 + 15*q**2 - 10*q + 12*q**2 - q. Is a(-12) a prime number?
False
Suppose -3*j + 4*j = 285. Suppose 0*a = -3*a + j. Is a prime?
False
Suppose -3*o + 33060 = 3*h, -3*o = 2*h - 7*h + 55060. Is h prime?
False
Let j = -88 - -93. Is (-16260)/90*(j/(-2) + 1) prime?
True
Is (-168)/924 + (-772323)/(-11) a prime number?
False
Suppose 0*h + 5*h = 28855. Is h composite?
True
Suppose -5*h - 231101 = -4*b, 107*b = 103*b - 5*h + 231051. Is b composite?
True
Suppose 41*f - 99336 + 12047 = 0. Is f composite?
False
Is 7472/(-32)*(-102)/3 composite?
True
Let p be (-1 + 0)/(-2)*20. Let g(w) = w - 6. Let y be g(p). Suppose 6*q + o - 720 = q, 0 = -y*q - o + 575. Is q composite?
True
Let d = -61 - -61. Suppose 162 = 2*z - 4*b - 0*b, d = -z + b + 85. Is z a composite number?
False
Let a(k) = 476*k**2 + 4*k + 3. Let i be a(-2). Suppose 5*m - 2274 - 872 = -3*d, 3*m - 2*d = i. Is m a prime number?
True
Let d = -26362 - -45893. Is d a prime number?
True
Let h be (1 + 0)/((-5)/5). Let g = 4 + h. Suppose y = -5*d + 958, -g*d + 2*y + 913 = 346. Is d composite?
False
Suppose -15*v + 13*v = 0. Suppose -4*q + 0 + 16 = v. Suppose -4*f + 465 = -2*s - 43, 0 = -2*f - q*s + 254. Is f a composite number?
False
Let z(w) be the second derivative of -w**5/20 - w**4/3 + w**3/6 + 4*w**2 - w. Let s be z(-4). Is (-1 + 3 - s) + 635 a prime number?
False
Suppose 3*i - 1001 = 5*l, 2*i - 2*l = 3*i - 341. Is i a prime number?
True
Let i = 177 + 79. Let t be 44/10 - (-4)/(-10). Suppose 0 = 5*z + 3*g - 1021, -4*g - 548 = -t*z + i. Is z a prime number?
False
Suppose 2*o - h + 2*h - 1794 = 0, 2*o - 3*h = 1810. Is o prime?
False
Let z = -888 + 1445. Is z a prime number?
True
Suppose 3*d = 5*d - 4*p - 670, d - 339 = 4*p. Is d a composite number?
False
Suppose 83 = -0*a + 4*a - 3*g, 0 = a + 5*g - 38. Let c(h) = 17*h**3 + h**2 - h - 1. Let p be c(-1). Let k = a + p. Is k composite?
False
Let m(d) = 5*d - 26. Let l be m(6). Suppose l*y + 3931 = q, 2*y + 3114 - 11006 = -2*q. Is q a composite number?
False
Suppose 3*s = -3*t - 16 - 17, 21 = -2*t - 3*s. Let u = t + 11. Let w = u - -36. Is w prime?
False
Suppose 4*u + q = 9240 + 57177, -3*q - 49794 = -3*u. Is u prime?
True
Let f(g) = g + 479. Suppose -3*t + 4*t = 16. Suppose 0 = -t*d + 14*d. Is f(d) a composite number?
False
Let s = -1569 + 2912. Suppose -5*q = 4*z - 2*z - 1363, -5*q + 3*z = -s. Is q composite?
False
Let d(z) = 2867*z + 24. Is d(5) a composite number?
True
Let r(i) = -i**3 + 2*i**2 - 16*i - 44. Is r(-9) composite?
False
Let k be (-66)/(-14) 